0). What is the units digit of 114/15 + u/10?
8
What is the units digit of (-8)/12*-1*66?
4
Let s(z) = 11*z + z**2 - 6*z**2 + z**2 + 3*z**2. Let t be s(11). Suppose t = -3*i - 0*i + 60. What is the units digit of i?
0
Let f(s) = -s**2 - 14*s + 3. Let u(k) = -k**2 - 3*k + 4. Let t be u(-6). What is the units digit of f(t)?
3
What is the hundreds digit of 4/(-7) - 6186/(-21)?
2
Suppose -f + 3*b + 15 = 2*f, -13 = -3*f + 4*b. What is the units digit of f?
7
Suppose w + 3*o = 6, 2*w + 2*o + 26 = 3*w. What is the units digit of ((-2)/(-4))/(3/w)?
3
Suppose -2*s = 3*s - 20. Suppose 48 = s*o - 3*k, 20 = 4*o + 3*k - 4. What is the units digit of o?
9
What is the units digit of 1*(4 + 33 - 0)?
7
Let j = -8 + 4. Let i = j + -6. What is the units digit of ((-16)/i)/((-10)/(-25))?
4
What is the tens digit of 58 - (-3)/12*-4?
5
Let r(k) = k**3 - 10*k**2 + 7*k. What is the tens digit of r(10)?
7
Suppose -7*d + 3*d + 56 = 0. What is the tens digit of d?
1
Let v = 175 + 121. What is the units digit of v?
6
Suppose 0 = -3*w - p + 148, -p - 3 = -1. What is the tens digit of w?
5
Let l(f) = 20*f - 9*f - 1 - 3 - 3. What is the units digit of l(5)?
8
Let v be 1/(1 + (-2)/3). Suppose -4*z + 15 = 3*w - 16, -5*z + v*w + 32 = 0. What is the units digit of z?
7
Let r(i) = i**3 - i + 10. Suppose -4 = 2*p - 16. Suppose 3*k = p*k. What is the tens digit of r(k)?
1
Suppose i + i = t - 16, -2*i - 22 = -4*t. Let r = 9 + i. What is the units digit of r?
2
Let l(n) be the second derivative of n**5/20 - n**4/4 - n**3 + 5*n**2/2 - 2*n. Let h be l(4). What is the units digit of (11 - (0 - 0)) + h?
8
What is the tens digit of -6*(-36)/(-32)*-4?
2
Let r(d) be the second derivative of 0*d**3 + 0 + 3*d + 0*d**4 + 1/2*d**2 + 21/20*d**5. What is the units digit of r(1)?
2
Let p(x) = -3*x**2 + 8*x - 1. Let c(i) = 4*i**2 - 8*i. Let f(z) = -4*c(z) - 5*p(z). What is the units digit of f(-8)?
5
Suppose 0 = h - 0*h - 5. What is the units digit of h?
5
Suppose 0 = -4*h - 1 + 5. Let y(n) = 3*n + 0 - 4*n - 1 - h. What is the units digit of y(-10)?
8
Suppose -2*a - 3*a = -135. Suppose -3*l - 3*q = -a, l + 3*q - 4 = -5. What is the units digit of l?
4
What is the tens digit of 1 - 1 - (-20 - 63)?
8
Let b = 0 + 1. Suppose 5*y = -3*k + 16, -2*k + 6 = -2*y + 3*y. Suppose -k = -2*f, b = -0*z + 2*z - 3*f. What is the units digit of z?
2
Suppose -4*x - 8 = -320. What is the tens digit of x?
7
Let k(p) = 5*p - 1. Let c be (-16)/6 + 6/9. Let i = c + 4. What is the units digit of k(i)?
9
Let l(r) = -4 + 5 - 8*r + 8 - r**2. Let k be l(-9). Suppose k*d - d + 10 = 0. What is the tens digit of d?
1
Let z = -182 - -268. What is the units digit of z?
6
Let l(w) = 8*w. Let q be l(1). Let x be (5 + 1)/(12/q). What is the units digit of 5/((-10)/x) - -4?
2
Let x(v) = -v**3 + 8*v**2 + 10*v - 7. Let l be x(9). Let j(q) = 24*q - 4. What is the tens digit of j(l)?
4
Suppose a - 5*u = -22, 6 + 8 = -2*a + 4*u. Suppose 5*h = -5*t + 10, -h - 1 = t + a*t. Suppose 15 + 15 = h*r. What is the units digit of r?
0
Let d = 135 - 68. What is the tens digit of d?
6
Suppose -3*q - 5*k = -431 - 438, -3*k = -4*q + 1149. What is the tens digit of q?
8
Suppose 3 = -a + 2*a. Suppose -c + 102 = 3*o + c, 5*o = a*c + 151. What is the units digit of o?
2
Suppose 5*f - 6*f - 1 = 0. What is the tens digit of 141/12 - f/4?
1
Let i(p) = p**2. What is the units digit of i(6)?
6
Suppose 0 = -3*q + 5*q + 16. Suppose 4 = k - 7. Let i = q + k. What is the units digit of i?
3
Let t = -4 + 5. What is the units digit of 1*(7 + t + -3)?
5
Let k(h) = -5*h**3 + 5*h**2 + h - 6. Let y(b) = 4*b**3 - 5*b**2 - b + 5. Let i(a) = -5*k(a) - 6*y(a). What is the tens digit of i(-2)?
1
Let u = 2 + 0. What is the units digit of u?
2
Suppose h - 29 = 3*d - 1, -5*d - 36 = h. Let b be d/20 - 22/(-5). Suppose 8 = 5*l - s - 36, -13 = -l - b*s. What is the units digit of l?
9
Let j be 395/15 - (-2)/(-6). Let v = -10 + j. What is the tens digit of v?
1
Suppose 0*q = -5*q + 10. Let k(u) = 20*u - 5. What is the tens digit of k(q)?
3
Let g(y) = 2*y + 6. What is the units digit of g(5)?
6
Suppose -5*i + 3*h = -27, -4 = -5*h + h. Suppose -34 = -m + 3*c, 0 = -5*m - 5*c + 76 - i. What is the tens digit of m?
1
Let x = -191 + 284. Suppose 5*r + x = t, 3 = 3*r - t + 60. What is the units digit of 12/r + (-59)/(-3)?
9
What is the units digit of 3 + (1 + 0 - -16)?
0
Let p(h) be the first derivative of -h**4/4 + 2*h**3 + 9*h**2/2 - 3*h + 3. What is the tens digit of p(7)?
1
Let r be (0 + 2)/(4/(-8)). Let c = 7 + r. What is the units digit of c?
3
Let p(v) = -v + 3. Let q be p(0). Suppose 21 = 3*b + q. What is the units digit of b?
6
Let s(n) = n + 1. Let i be 2 + 1 - -2 - 1. Let z be s(i). Let p(l) = -l + 7. What is the units digit of p(z)?
2
Let f(v) = -2*v + 6*v - v - 2*v. What is the units digit of f(5)?
5
Let q = 2 - -1. Let m = 12 - q. What is the units digit of m?
9
Let m(c) = -4*c - 4. Let h be m(-4). What is the units digit of 5/(-10)*(-2 - h)?
7
Let v(s) = -5 - 4*s**2 + 5 + s**3 + 4. Let u be v(4). Suppose u*b = 6*b - 12. What is the units digit of b?
6
Suppose 0 = -4*g + 4 - 8. Let i(m) = 6*m + 10. Let f(h) = -h**2 - h. Let q(t) = g*f(t) - i(t). What is the units digit of q(7)?
4
Let d(l) = l**2 + l + 4. Let f be d(4). Suppose 0 = 4*c - c - f. What is the units digit of c?
8
Suppose 3*c - 28 = -4*l, 4*l - 2*c + c - 12 = 0. Suppose 6 = l*d - 26. What is the units digit of d?
8
Let m be ((-4 + -1)*-1)/1. Suppose -m*y - 24 = -3*b + 10, 2*y - 8 = 0. What is the tens digit of b?
1
Suppose r - 1 = 2. Let k = -2 + r. What is the units digit of 6 - (3 - k/1)?
4
Let u = -5 - -25. Suppose u = 3*a + 5. Suppose 3*s = a*s - 24. What is the tens digit of s?
1
Let y be 1*2/4*4. Let p(u) = 11 - 2*u + y + 3*u. What is the units digit of p(-8)?
5
Suppose 0 = -3*i - 3*p, -4*i - p + 2 + 4 = 0. What is the units digit of i/(-4)*(1 - 35)?
7
Let g(z) = z**3 + 8*z**2 + 7*z - 2. What is the units digit of g(-6)?
8
Suppose 4*g = -g + 65. What is the units digit of g?
3
Let u be (4 - 2)*(-21)/(-2). Suppose 3*o - 4 = -2*a + u, -o = -5*a + 20. What is the units digit of o?
5
Suppose 0 = -3*r, 10*h - 5*h = -3*r + 35. Let x = 10 - h. Suppose 3 = n - x. What is the units digit of n?
6
Let m = -9 - -12. What is the units digit of m?
3
Let w = 26 + -22. Suppose 3 = -k + w. What is the units digit of k?
1
What is the tens digit of (-10)/20 + 35/2?
1
Suppose 2*h = -x, 2*x + 2 = -4*h - x. What is the tens digit of 10 - -3 - (h - 3)?
1
Suppose 2*s + 3*a - 277 = 0, 3*a - 145 - 418 = -4*s. What is the hundreds digit of s?
1
Suppose 2*i = 2*s + 216, 0 = -i - 3*s - 31 + 159. What is the hundreds digit of i?
1
Let r(o) = -o - 1. Let a be 17/(-3) + (-1)/3. Let d be r(a). What is the units digit of (6/d)/(18/240)?
6
Suppose t - 6 = -p, -3*t - 2*p - 2 + 15 = 0. Suppose 2*z + t + 25 = d, -2*z = 2*d - 70. What is the units digit of d?
2
Let g = 30 - 28. What is the units digit of g?
2
Suppose -3*z - 3 + 9 = 0, 0 = 4*b - 3*z - 474. What is the units digit of b?
0
Let b = 15 + -17. What is the tens digit of -3 - (3 - (36 - b))?
3
Let h = -5 - -5. Suppose 3*s = 2*d - 27, d = -h*d - 2*s - 4. What is the units digit of d?
6
Let p(y) = 4*y + 15. Let z(l) = l + 1. Let r(c) = p(c) - 3*z(c). What is the units digit of r(-7)?
5
Let l(r) = -r. Let i(f) = 7*f + 1. Let v(k) = -i(k) - 6*l(k). What is the units digit of v(-8)?
7
Let z(n) = n**2 + 3*n - 9. Let b be z(-7). Suppose 8*m = 9*m - b. What is the tens digit of m?
1
What is the units digit of (4 - 3) + -1 - -93?
3
Let k(v) = 72*v + 2. What is the units digit of k(1)?
4
What is the tens digit of -2*2/(-8)*106?
5
Let t(g) = 8*g + 4. What is the units digit of t(3)?
8
Suppose k + 5 = -3. What is the units digit of (9/(-2))/(k/48)?
7
Let x be 3/(-6)*(0 + 0). Suppose x = -2*w + 19 + 11. What is the tens digit of w?
1
Suppose 1 = 2*b + 5. What is the units digit of (24/(-16))/(b/28)?
1
Suppose 4 + 9 = g. What is the units digit of g?
3
Let r = -40 + 80. What is the units digit of r?
0
Suppose -3*q + 4*q = 3. Suppose -q*j = j - 28. What is the units digit of j?
7
Let l(b) = -b + 2*b + 4*b - 3. Let x be l(2). Suppose -3*w - x = -25. What is the units digit of w?
6
Let g be 280/12 + (-1)/3. Suppose 4*w + 9 = 3*w. Let v = g + w. What is the units digit of v?
4
Suppose -h - 2*h = -18. L